{"id":1824,"date":"2024-10-10T20:34:32","date_gmt":"2024-10-10T20:34:32","guid":{"rendered":"https:\/\/industriosos.com\/?page_id=1824"},"modified":"2024-10-20T21:45:51","modified_gmt":"2024-10-20T21:45:51","slug":"en-que-consiste-la-trilla-del-cafe","status":"publish","type":"page","link":"https:\/\/industriosos.com\/index.php\/en-que-consiste-la-trilla-del-cafe\/","title":{"rendered":"\u00bfEn qu\u00e9 consiste la trilla del caf\u00e9?"},"content":{"rendered":"<div class=\"wpb-content-wrapper\"><p>[vc_row][vc_column][vc_empty_space]<div id=\"ultimate-heading-935869ee07f4990dd\" class=\"uvc-heading ult-adjust-bottom-margin ultimate-heading-935869ee07f4990dd uvc-7606 \" data-hspacer=\"line_only\"  data-halign=\"left\" style=\"text-align:left\"><div class=\"uvc-main-heading ult-responsive\"  data-ultimate-target='.uvc-heading.ultimate-heading-935869ee07f4990dd h2'  data-responsive-json-new='{\"font-size\":\"desktop:30px;\",\"line-height\":\"\"}' ><h2 style=\"font-weight:bold;\">\u00bfEn qu\u00e9 consiste la trilla del caf\u00e9?<\/h2><\/div><div class=\"uvc-heading-spacer line_only\" style=\"topheight:1px;\"><span class=\"uvc-headings-line\" style=\"border-style:solid;border-bottom-width:1px;border-color:#da7e2d;width:80px;\"><\/span><\/div><\/div>[\/vc_column][\/vc_row][vc_row][vc_column width=&#8221;1\/6&#8243;][\/vc_column][vc_column width=&#8221;2\/3&#8243;][vc_empty_space][vc_video link=&#8221;https:\/\/youtu.be\/fqqQxCLMP-4&#8243;][vc_column_text]Este video de archivo que nos facilit\u00f3 nuestro aliado <em>Se\u00f1al Memoria<\/em> nos cuenta sobre este proceso fundamental para la exportaci\u00f3n y consumo del grano en todo el mundo.[\/vc_column_text][\/vc_column][vc_column width=&#8221;1\/6&#8243;][\/vc_column][\/vc_row]<\/p>\n<\/div>","protected":false},"excerpt":{"rendered":"<p>[vc_row][vc_column][vc_empty_space][\/vc_column][\/vc_row][vc_row][vc_column width=&#8221;1\/6&#8243;][\/vc_column][vc_column width=&#8221;2\/3&#8243;][vc_empty_space][vc_video link=&#8221;https:\/\/youtu.be\/fqqQxCLMP-4&#8243;][vc_column_text]Este video de archivo que nos facilit\u00f3 nuestro aliado Se\u00f1al Memoria nos cuenta sobre este proceso fundamental para la exportaci\u00f3n y consumo del grano en todo el mundo.[\/vc_column_text][\/vc_column][vc_column width=&#8221;1\/6&#8243;][\/vc_column][\/vc_row]<\/p>\n","protected":false},"author":2,"featured_media":0,"parent":0,"menu_order":0,"comment_status":"closed","ping_status":"closed","template":"","meta":{"om_disable_all_campaigns":false,"_monsterinsights_skip_tracking":false,"_monsterinsights_sitenote_active":false,"_monsterinsights_sitenote_note":"","_monsterinsights_sitenote_category":0,"site-sidebar-layout":"default","site-content-layout":"plain-container","ast-site-content-layout":"default","site-content-style":"default","site-sidebar-style":"default","ast-global-header-display":"","ast-banner-title-visibility":"","ast-main-header-display":"","ast-hfb-above-header-display":"","ast-hfb-below-header-display":"","ast-hfb-mobile-header-display":"","site-post-title":"disabled","ast-breadcrumbs-content":"","ast-featured-img":"disabled","footer-sml-layout":"","theme-transparent-header-meta":"default","adv-header-id-meta":"","stick-header-meta":"","header-above-stick-meta":"","header-main-stick-meta":"","header-below-stick-meta":"","astra-migrate-meta-layouts":"set","ast-page-background-enabled":"default","ast-page-background-meta":{"desktop":{"background-color":"","background-image":"","background-repeat":"repeat","background-position":"center center","background-size":"auto","background-attachment":"scroll","background-type":"","background-media":"","overlay-type":"","overlay-color":"","overlay-opacity":"","overlay-gradient":""},"tablet":{"background-color":"","background-image":"","background-repeat":"repeat","background-position":"center center","background-size":"auto","background-attachment":"scroll","background-type":"","background-media":"","overlay-type":"","overlay-color":"","overlay-opacity":"","overlay-gradient":""},"mobile":{"background-color":"","background-image":"","background-repeat":"repeat","background-position":"center center","background-size":"auto","background-attachment":"scroll","background-type":"","background-media":"","overlay-type":"","overlay-color":"","overlay-opacity":"","overlay-gradient":""}},"ast-content-background-meta":{"desktop":{"background-color":"var(--ast-global-color-5)","background-image":"","background-repeat":"repeat","background-position":"center center","background-size":"auto","background-attachment":"scroll","background-type":"","background-media":"","overlay-type":"","overlay-color":"","overlay-opacity":"","overlay-gradient":""},"tablet":{"background-color":"var(--ast-global-color-5)","background-image":"","background-repeat":"repeat","background-position":"center center","background-size":"auto","background-attachment":"scroll","background-type":"","background-media":"","overlay-type":"","overlay-color":"","overlay-opacity":"","overlay-gradient":""},"mobile":{"background-color":"var(--ast-global-color-5)","background-image":"","background-repeat":"repeat","background-position":"center center","background-size":"auto","background-attachment":"scroll","background-type":"","background-media":"","overlay-type":"","overlay-color":"","overlay-opacity":"","overlay-gradient":""}},"footnotes":""},"class_list":["post-1824","page","type-page","status-publish","hentry"],"yoast_head":"<!-- This site is optimized with the Yoast SEO plugin v24.0 - https:\/\/yoast.com\/wordpress\/plugins\/seo\/ -->\n<title>\u00bfEn qu\u00e9 consiste la trilla del caf\u00e9? -<\/title>\n<meta name=\"description\" content=\"Nuestro aliado Se\u00f1al Memoria nos cuenta sobre este proceso fundamental para la exportaci\u00f3n y consumo del grano en todo el mundo.\" \/>\n<meta name=\"robots\" content=\"index, follow, max-snippet:-1, max-image-preview:large, max-video-preview:-1\" \/>\n<link rel=\"canonical\" href=\"https:\/\/industriosos.com\/index.php\/en-que-consiste-la-trilla-del-cafe\/\" \/>\n<meta property=\"og:locale\" content=\"es_ES\" \/>\n<meta property=\"og:type\" content=\"article\" \/>\n<meta property=\"og:title\" content=\"\u00bfEn qu\u00e9 consiste la trilla del caf\u00e9? -\" \/>\n<meta property=\"og:description\" content=\"Nuestro aliado Se\u00f1al Memoria nos cuenta sobre este proceso fundamental para la exportaci\u00f3n y consumo del grano en todo el mundo.\" \/>\n<meta property=\"og:url\" content=\"https:\/\/industriosos.com\/index.php\/en-que-consiste-la-trilla-del-cafe\/\" \/>\n<meta property=\"article:publisher\" content=\"https:\/\/www.facebook.com\/p\/Industriosos-61555850965002\/?fref=mentions&amp;paipv=0&amp;eav=Afb8Tq6p8b1qCWCh9_m_3XsSD066aquOeICFtDWtKTTAQ7I-iL16FaoSF_xysG-J76c&amp;_rdr\" \/>\n<meta property=\"article:modified_time\" content=\"2024-10-20T21:45:51+00:00\" \/>\n<meta name=\"twitter:card\" content=\"summary_large_image\" \/>\n<meta name=\"twitter:label1\" content=\"Tiempo de lectura\" \/>\n\t<meta name=\"twitter:data1\" content=\"1 minuto\" \/>\n<script type=\"application\/ld+json\" class=\"yoast-schema-graph\">{\"@context\":\"https:\/\/schema.org\",\"@graph\":[{\"@type\":\"WebPage\",\"@id\":\"https:\/\/industriosos.com\/index.php\/en-que-consiste-la-trilla-del-cafe\/\",\"url\":\"https:\/\/industriosos.com\/index.php\/en-que-consiste-la-trilla-del-cafe\/\",\"name\":\"\u00bfEn qu\u00e9 consiste la trilla del caf\u00e9? -\",\"isPartOf\":{\"@id\":\"https:\/\/industriosos.com\/#website\"},\"datePublished\":\"2024-10-10T20:34:32+00:00\",\"dateModified\":\"2024-10-20T21:45:51+00:00\",\"description\":\"Nuestro aliado Se\u00f1al Memoria nos cuenta sobre este proceso fundamental para la exportaci\u00f3n y consumo del grano en todo el mundo.\",\"breadcrumb\":{\"@id\":\"https:\/\/industriosos.com\/index.php\/en-que-consiste-la-trilla-del-cafe\/#breadcrumb\"},\"inLanguage\":\"es-CO\",\"potentialAction\":[{\"@type\":\"ReadAction\",\"target\":[\"https:\/\/industriosos.com\/index.php\/en-que-consiste-la-trilla-del-cafe\/\"]}]},{\"@type\":\"BreadcrumbList\",\"@id\":\"https:\/\/industriosos.com\/index.php\/en-que-consiste-la-trilla-del-cafe\/#breadcrumb\",\"itemListElement\":[{\"@type\":\"ListItem\",\"position\":1,\"name\":\"Inicio\",\"item\":\"https:\/\/industriosos.com\/\"},{\"@type\":\"ListItem\",\"position\":2,\"name\":\"\u00bfEn qu\u00e9 consiste la trilla del caf\u00e9?\"}]},{\"@type\":\"WebSite\",\"@id\":\"https:\/\/industriosos.com\/#website\",\"url\":\"https:\/\/industriosos.com\/\",\"name\":\"Industriosos\",\"description\":\"\",\"publisher\":{\"@id\":\"https:\/\/industriosos.com\/#organization\"},\"potentialAction\":[{\"@type\":\"SearchAction\",\"target\":{\"@type\":\"EntryPoint\",\"urlTemplate\":\"https:\/\/industriosos.com\/?s={search_term_string}\"},\"query-input\":{\"@type\":\"PropertyValueSpecification\",\"valueRequired\":true,\"valueName\":\"search_term_string\"}}],\"inLanguage\":\"es-CO\"},{\"@type\":\"Organization\",\"@id\":\"https:\/\/industriosos.com\/#organization\",\"name\":\"Industriosos\",\"url\":\"https:\/\/industriosos.com\/\",\"logo\":{\"@type\":\"ImageObject\",\"inLanguage\":\"es-CO\",\"@id\":\"https:\/\/industriosos.com\/#\/schema\/logo\/image\/\",\"url\":\"https:\/\/industriosos.com\/wp-content\/uploads\/2024\/10\/cropped-logo-industriosos-Color-300.png\",\"contentUrl\":\"https:\/\/industriosos.com\/wp-content\/uploads\/2024\/10\/cropped-logo-industriosos-Color-300.png\",\"width\":300,\"height\":100,\"caption\":\"Industriosos\"},\"image\":{\"@id\":\"https:\/\/industriosos.com\/#\/schema\/logo\/image\/\"},\"sameAs\":[\"https:\/\/www.facebook.com\/p\/Industriosos-61555850965002\/?fref=mentions&paipv=0&eav=Afb8Tq6p8b1qCWCh9_m_3XsSD066aquOeICFtDWtKTTAQ7I-iL16FaoSF_xysG-J76c&_rdr\",\"https:\/\/www.instagram.com\/industriosos\"]}]}<\/script>\n<!-- \/ Yoast SEO plugin. -->","yoast_head_json":{"title":"\u00bfEn qu\u00e9 consiste la trilla del caf\u00e9? -","description":"Nuestro aliado Se\u00f1al Memoria nos cuenta sobre este proceso fundamental para la exportaci\u00f3n y consumo del grano en todo el mundo.","robots":{"index":"index","follow":"follow","max-snippet":"max-snippet:-1","max-image-preview":"max-image-preview:large","max-video-preview":"max-video-preview:-1"},"canonical":"https:\/\/industriosos.com\/index.php\/en-que-consiste-la-trilla-del-cafe\/","og_locale":"es_ES","og_type":"article","og_title":"\u00bfEn qu\u00e9 consiste la trilla del caf\u00e9? -","og_description":"Nuestro aliado Se\u00f1al Memoria nos cuenta sobre este proceso fundamental para la exportaci\u00f3n y consumo del grano en todo el mundo.","og_url":"https:\/\/industriosos.com\/index.php\/en-que-consiste-la-trilla-del-cafe\/","article_publisher":"https:\/\/www.facebook.com\/p\/Industriosos-61555850965002\/?fref=mentions&paipv=0&eav=Afb8Tq6p8b1qCWCh9_m_3XsSD066aquOeICFtDWtKTTAQ7I-iL16FaoSF_xysG-J76c&_rdr","article_modified_time":"2024-10-20T21:45:51+00:00","twitter_card":"summary_large_image","twitter_misc":{"Tiempo de lectura":"1 minuto"},"schema":{"@context":"https:\/\/schema.org","@graph":[{"@type":"WebPage","@id":"https:\/\/industriosos.com\/index.php\/en-que-consiste-la-trilla-del-cafe\/","url":"https:\/\/industriosos.com\/index.php\/en-que-consiste-la-trilla-del-cafe\/","name":"\u00bfEn qu\u00e9 consiste la trilla del caf\u00e9? -","isPartOf":{"@id":"https:\/\/industriosos.com\/#website"},"datePublished":"2024-10-10T20:34:32+00:00","dateModified":"2024-10-20T21:45:51+00:00","description":"Nuestro aliado Se\u00f1al Memoria nos cuenta sobre este proceso fundamental para la exportaci\u00f3n y consumo del grano en todo el mundo.","breadcrumb":{"@id":"https:\/\/industriosos.com\/index.php\/en-que-consiste-la-trilla-del-cafe\/#breadcrumb"},"inLanguage":"es-CO","potentialAction":[{"@type":"ReadAction","target":["https:\/\/industriosos.com\/index.php\/en-que-consiste-la-trilla-del-cafe\/"]}]},{"@type":"BreadcrumbList","@id":"https:\/\/industriosos.com\/index.php\/en-que-consiste-la-trilla-del-cafe\/#breadcrumb","itemListElement":[{"@type":"ListItem","position":1,"name":"Inicio","item":"https:\/\/industriosos.com\/"},{"@type":"ListItem","position":2,"name":"\u00bfEn qu\u00e9 consiste la trilla del caf\u00e9?"}]},{"@type":"WebSite","@id":"https:\/\/industriosos.com\/#website","url":"https:\/\/industriosos.com\/","name":"Industriosos","description":"","publisher":{"@id":"https:\/\/industriosos.com\/#organization"},"potentialAction":[{"@type":"SearchAction","target":{"@type":"EntryPoint","urlTemplate":"https:\/\/industriosos.com\/?s={search_term_string}"},"query-input":{"@type":"PropertyValueSpecification","valueRequired":true,"valueName":"search_term_string"}}],"inLanguage":"es-CO"},{"@type":"Organization","@id":"https:\/\/industriosos.com\/#organization","name":"Industriosos","url":"https:\/\/industriosos.com\/","logo":{"@type":"ImageObject","inLanguage":"es-CO","@id":"https:\/\/industriosos.com\/#\/schema\/logo\/image\/","url":"https:\/\/industriosos.com\/wp-content\/uploads\/2024\/10\/cropped-logo-industriosos-Color-300.png","contentUrl":"https:\/\/industriosos.com\/wp-content\/uploads\/2024\/10\/cropped-logo-industriosos-Color-300.png","width":300,"height":100,"caption":"Industriosos"},"image":{"@id":"https:\/\/industriosos.com\/#\/schema\/logo\/image\/"},"sameAs":["https:\/\/www.facebook.com\/p\/Industriosos-61555850965002\/?fref=mentions&paipv=0&eav=Afb8Tq6p8b1qCWCh9_m_3XsSD066aquOeICFtDWtKTTAQ7I-iL16FaoSF_xysG-J76c&_rdr","https:\/\/www.instagram.com\/industriosos"]}]}},"_links":{"self":[{"href":"https:\/\/industriosos.com\/index.php\/wp-json\/wp\/v2\/pages\/1824","targetHints":{"allow":["GET"]}}],"collection":[{"href":"https:\/\/industriosos.com\/index.php\/wp-json\/wp\/v2\/pages"}],"about":[{"href":"https:\/\/industriosos.com\/index.php\/wp-json\/wp\/v2\/types\/page"}],"author":[{"embeddable":true,"href":"https:\/\/industriosos.com\/index.php\/wp-json\/wp\/v2\/users\/2"}],"replies":[{"embeddable":true,"href":"https:\/\/industriosos.com\/index.php\/wp-json\/wp\/v2\/comments?post=1824"}],"version-history":[{"count":3,"href":"https:\/\/industriosos.com\/index.php\/wp-json\/wp\/v2\/pages\/1824\/revisions"}],"predecessor-version":[{"id":1851,"href":"https:\/\/industriosos.com\/index.php\/wp-json\/wp\/v2\/pages\/1824\/revisions\/1851"}],"wp:attachment":[{"href":"https:\/\/industriosos.com\/index.php\/wp-json\/wp\/v2\/media?parent=1824"}],"curies":[{"name":"wp","href":"https:\/\/api.w.org\/{rel}","templated":true}]}}

¿En qué consiste la trilla del café?

<div class="wpb-content-wrapper"><p>[vc_row][vc_column][vc_empty_space]<div id="ultimate-heading-935869ee07f4990dd" class="uvc-heading ult-adjust-bottom-margin ultimate-heading-935869ee07f4990dd uvc-7606 " data-hspacer="line_only"  data-halign="left" style="text-align:left"><div class="uvc-main-heading ult-responsive"  data-ultimate-target='.uvc-heading.ultimate-heading-935869ee07f4990dd h2'  data-responsive-json-new='{"font-size":"desktop:30px;","line-height":""}' ><h2 style="font-weight:bold;">¿En qué consiste la trilla del café?</h2></div><div class="uvc-heading-spacer line_only" style="topheight:1px;"><span class="uvc-headings-line" style="border-style:solid;border-bottom-width:1px;border-color:#da7e2d;width:80px;"></span></div></div>[/vc_column][/vc_row][vc_row][vc_column width=&#8221;1/6&#8243;][/vc_column][vc_column width=&#8221;2/3&#8243;][vc_empty_space][vc_video link=&#8221;https://youtu.be/fqqQxCLMP-4&#8243;][vc_column_text]Este video de archivo que nos facilitó nuestro aliado <em>Señal Memoria</em> nos cuenta sobre este proceso fundamental para la exportación y consumo del grano en todo el mundo.[/vc_column_text][/vc_column][vc_column width=&#8221;1/6&#8243;][/vc_column][/vc_row]</p>
</div>

<p>[vc_row][vc_column][vc_empty_space][/vc_column][/vc_row][vc_row][vc_column width=&#8221;1/6&#8243;][/vc_column][vc_column width=&#8221;2/3&#8243;][vc_empty_space][vc_video link=&#8221;https://youtu.be/fqqQxCLMP-4&#8243;][vc_column_text]Este video de archivo que nos facilitó nuestro aliado Señal Memoria nos cuenta sobre este proceso fundamental para la exportación y consumo del grano en todo el mundo.[/vc_column_text][/vc_column][vc_column width=&#8221;1/6&#8243;][/vc_column][/vc_row]</p>

<!-- This site is optimized with the Yoast SEO plugin v24.0 - https://yoast.com/wordpress/plugins/seo/ -->
<title>¿En qué consiste la trilla del café? -</title>
<meta name="description" content="Nuestro aliado Señal Memoria nos cuenta sobre este proceso fundamental para la exportación y consumo del grano en todo el mundo." />
<meta name="robots" content="index, follow, max-snippet:-1, max-image-preview:large, max-video-preview:-1" />
<link rel="canonical" href="https://industriosos.com/index.php/en-que-consiste-la-trilla-del-cafe/" />
<meta property="og:locale" content="es_ES" />
<meta property="og:type" content="article" />
<meta property="og:title" content="¿En qué consiste la trilla del café? -" />
<meta property="og:description" content="Nuestro aliado Señal Memoria nos cuenta sobre este proceso fundamental para la exportación y consumo del grano en todo el mundo." />
<meta property="og:url" content="https://industriosos.com/index.php/en-que-consiste-la-trilla-del-cafe/" />
<meta property="article:publisher" content="https://www.facebook.com/p/Industriosos-61555850965002/?fref=mentions&amp;paipv=0&amp;eav=Afb8Tq6p8b1qCWCh9_m_3XsSD066aquOeICFtDWtKTTAQ7I-iL16FaoSF_xysG-J76c&amp;_rdr" />
<meta property="article:modified_time" content="2024-10-20T21:45:51+00:00" />
<meta name="twitter:card" content="summary_large_image" />
<meta name="twitter:label1" content="Tiempo de lectura" />
	<meta name="twitter:data1" content="1 minuto" />
<script type="application/ld+json" class="yoast-schema-graph">{"@context":"https://schema.org","@graph":[{"@type":"WebPage","@id":"https://industriosos.com/index.php/en-que-consiste-la-trilla-del-cafe/","url":"https://industriosos.com/index.php/en-que-consiste-la-trilla-del-cafe/","name":"¿En qué consiste la trilla del café? -","isPartOf":{"@id":"https://industriosos.com/#website"},"datePublished":"2024-10-10T20:34:32+00:00","dateModified":"2024-10-20T21:45:51+00:00","description":"Nuestro aliado Señal Memoria nos cuenta sobre este proceso fundamental para la exportación y consumo del grano en todo el mundo.","breadcrumb":{"@id":"https://industriosos.com/index.php/en-que-consiste-la-trilla-del-cafe/#breadcrumb"},"inLanguage":"es-CO","potentialAction":[{"@type":"ReadAction","target":["https://industriosos.com/index.php/en-que-consiste-la-trilla-del-cafe/"]}]},{"@type":"BreadcrumbList","@id":"https://industriosos.com/index.php/en-que-consiste-la-trilla-del-cafe/#breadcrumb","itemListElement":[{"@type":"ListItem","position":1,"name":"Inicio","item":"https://industriosos.com/"},{"@type":"ListItem","position":2,"name":"¿En qué consiste la trilla del café?"}]},{"@type":"WebSite","@id":"https://industriosos.com/#website","url":"https://industriosos.com/","name":"Industriosos","description":"","publisher":{"@id":"https://industriosos.com/#organization"},"potentialAction":[{"@type":"SearchAction","target":{"@type":"EntryPoint","urlTemplate":"https://industriosos.com/?s={search_term_string}"},"query-input":{"@type":"PropertyValueSpecification","valueRequired":true,"valueName":"search_term_string"}}],"inLanguage":"es-CO"},{"@type":"Organization","@id":"https://industriosos.com/#organization","name":"Industriosos","url":"https://industriosos.com/","logo":{"@type":"ImageObject","inLanguage":"es-CO","@id":"https://industriosos.com/#/schema/logo/image/","url":"https://industriosos.com/wp-content/uploads/2024/10/cropped-logo-industriosos-Color-300.png","contentUrl":"https://industriosos.com/wp-content/uploads/2024/10/cropped-logo-industriosos-Color-300.png","width":300,"height":100,"caption":"Industriosos"},"image":{"@id":"https://industriosos.com/#/schema/logo/image/"},"sameAs":["https://www.facebook.com/p/Industriosos-61555850965002/?fref=mentions&paipv=0&eav=Afb8Tq6p8b1qCWCh9_m_3XsSD066aquOeICFtDWtKTTAQ7I-iL16FaoSF_xysG-J76c&_rdr","https://www.instagram.com/industriosos"]}]}</script>
<!-- / Yoast SEO plugin. -->

¿En qué consiste la trilla del café? -

Nuestro aliado Señal Memoria nos cuenta sobre este proceso fundamental para la exportación y consumo del grano en todo el mundo.
