{"id":1241,"date":"2021-09-16T21:26:37","date_gmt":"2021-09-16T21:26:37","guid":{"rendered":"http:\/\/industriosos.com\/?page_id=1241"},"modified":"2024-12-18T11:25:58","modified_gmt":"2024-12-18T11:25:58","slug":"resultados-del-semillero","status":"publish","type":"page","link":"https:\/\/industriosos.com\/index.php\/resultados-del-semillero\/","title":{"rendered":"Resultados del Semillero"},"content":{"rendered":"<div class=\"wpb-content-wrapper\"><p>[vc_row][vc_column][vc_empty_space]<div id=\"ultimate-heading-884969edf15e24c7a\" class=\"uvc-heading ult-adjust-bottom-margin ultimate-heading-884969edf15e24c7a uvc-6237 \" data-hspacer=\"line_only\"  data-halign=\"left\" style=\"text-align:left\"><div class=\"uvc-main-heading ult-responsive\"  data-ultimate-target='.uvc-heading.ultimate-heading-884969edf15e24c7a h2'  data-responsive-json-new='{\"font-size\":\"desktop:30px;\",\"line-height\":\"\"}' ><h2 style=\"font-weight:bold;\">Resultados del Semillero<\/h2><\/div><div class=\"uvc-heading-spacer line_only\" style=\"topheight:1px;\"><span class=\"uvc-headings-line\" style=\"border-style:solid;border-bottom-width:1px;border-color:#da7e2d;width:80px;\"><\/span><\/div><\/div>[vc_empty_space][\/vc_column][\/vc_row][vc_row][vc_column]<div id=\"ultimate-heading-879269edf15e24d42\" class=\"uvc-heading ult-adjust-bottom-margin ultimate-heading-879269edf15e24d42 uvc-9180 \" data-hspacer=\"no_spacer\"  data-halign=\"left\" style=\"text-align:left\"><div class=\"uvc-heading-spacer no_spacer\" style=\"top\"><\/div><div class=\"uvc-main-heading ult-responsive\"  data-ultimate-target='.uvc-heading.ultimate-heading-879269edf15e24d42 h4'  data-responsive-json-new='{\"font-size\":\"\",\"line-height\":\"\"}' ><h4 style=\"font-weight:normal;\">Industria trilla de caf\u00e9<\/h4><\/div><\/div>[\/vc_column][\/vc_row][vc_row css=&#8221;.vc_custom_1632869957507{background-color: #f4f4f4 !important;}&#8221;][vc_column][vc_column_text]La historia m\u00e1s reciente del municipio nos muestra como el <strong>patrimonio industrial<\/strong> y en especial las <strong>trilladoras de caf\u00e9<\/strong> fueron un eje importante en el desarrollo del municipio, esto lo sustenta el compilado de documentos, v\u00eddeos de entrevistas, una l\u00ednea de tiempo, entre otros trabajos que realizaron los miembros del semillero con mucho esmero para visibilizar su importancia.<\/p>\n<p>Estas investigaciones fueron basadas en preguntas como: <strong>\u00bfQu\u00e9 es el caf\u00e9, su origen y cu\u00e1ndo lleg\u00f3 a nuestro continente, Colombia y al Tolima?<\/strong> esto nos lo respondi\u00f3 el historiador, maestro y miembro del Centro de Historia de Honda el se\u00f1or Tiberio Murcia Godoy, describiendo el or\u00edgen del caf\u00e9 en el contexto internacional y nacional: desde el Cuerno de \u00c1frica (Etiop\u00eda), luego su paso por Europa y finalmente llegando hasta Am\u00e9rica ingresando por Surinam tra\u00eddo por los franceses, llegando a Venezuela y es introducido en <strong>Colombia <\/strong>por la ciudad de C\u00facuta (Norte de Santander) donde se instal\u00f3 el primer punto de aduana, llegando as\u00ed a la regi\u00f3n cafetera, compuesto por los departamentos del <strong>Tolima, Antioquia y Caldas<\/strong>. De acuerdo al estudio realizado por la estudiante de sociolog\u00eda Angie Alfonso de la ciudad de Bogot\u00e1, hace referencia que <strong>en 1880 se construyeron las haciendas cafeteras y se dieron los primeros procesos de modernizaci\u00f3n de las relaciones de producci\u00f3n en Colombia<\/strong>, y adicionalmente, unos acontecimientos con relaci\u00f3n al caf\u00e9 y a la conformaci\u00f3n de agremiaciones cafeteras a finales del siglo XIX, en el cual hubo varios intentos de creaci\u00f3n de agremiaciones, por ejemplo c\u00f3mo la <strong>Sociedad de Agricultores de Cundinamarca en 1893<\/strong>. Cindy Camacho y Laura Gonz\u00e1lez Monitora CMALP agregan que posteriormente a principios del siglo XX, cambi\u00f3 su raz\u00f3n social a <strong>Sociedad de Productores de Caf\u00e9<\/strong>, logrando un gran acuerdo con las compa\u00f1\u00edas navieras para el transporte por el r\u00edo Grande de la Magdalena para la organizaci\u00f3n de los fletes; y en poco tiempo se consolid\u00f3 la creaci\u00f3n de la <strong>Federaci\u00f3n Nacional de Cafeteros (FNC)<\/strong> en 1927.[\/vc_column_text][\/vc_column][\/vc_row][vc_row][vc_column width=&#8221;1\/2&#8243;][vc_empty_space][vc_single_image image=&#8221;1674&#8243; img_size=&#8221;medium&#8221; alignment=&#8221;center&#8221;][\/vc_column][vc_column width=&#8221;1\/2&#8243;][vc_column_text]Despu\u00e9s del proceso de creaci\u00f3n de la FNC, las integrantes del semillero Cindy Camacho y Laura Gonz\u00e1lez, resaltan al Estadista Alfonso L\u00f3pez Pumarejo en su primer mandato (1934-1938) llamado <strong>La Revoluci\u00f3n en Marcha<\/strong>, desempe\u00f1ando un papel preponderante, en el sentido de lograr acuerdos con <strong>Brasil<\/strong>, el principal exportador de caf\u00e9 del mundo, pactando la producci\u00f3n y estabilidad del precio internacional del caf\u00e9.<\/p>\n<p>Sin embargo, se hace la pregunta \u00bfPor qu\u00e9 el caf\u00e9 en Colombia? La se\u00f1orita Gestora de Colecciones de la CMALP Cindy Camacho indica c\u00f3mo <strong>el caf\u00e9 por ser un producto de f\u00e1cil manejo y de poca inversi\u00f3n de capital, se difundi\u00f3 de manera r\u00e1pida en la econom\u00eda campesina colombiana<\/strong>. Durante el per\u00edodo entre 1874 y 1920 el caf\u00e9 se desplaz\u00f3 de oriente a occidente, buscando mejores tierras que estuvieran entre 900 y 1700 metros sobre el nivel del mar, mejorando su calidad y el acceso a los puertos de exportaci\u00f3n.[\/vc_column_text][\/vc_column][\/vc_row][vc_row][vc_column][vc_column_text]Luego de hablar de la llegada del caf\u00e9 en Colombia, nos desplazamos a una rese\u00f1a hist\u00f3rica a nivel territorial, el cual resulta la inquietud de c\u00f3mo fue que el caf\u00e9 lleg\u00f3 al Tolima y Tiberio nos lo describe con una cita del peri\u00f3dico del Nuevo D\u00eda d\u00f3nde indica que <strong>\u201c\u2026en 1818 fue plantado el primer cafeto, de manera experimental y por orden del General Nari\u00f1o, en la plaza principal de Ibagu\u00e9, 50 a\u00f1os m\u00e1s tarde, el caf\u00e9 ya se cultivaba de manera comercial\u201d. <\/strong><\/p>\n<p>De acuerdo con lo anterior, el municipio de<strong> Honda tuvo una fuerte incidencia en el desarrollo del proceso industrial cafetero y adicionalmente en el desarrollo del transporte en el centro del pa\u00eds<\/strong>, c\u00f3mo tambi\u00e9n nos explica la polit\u00f3loga Natalia Cardona Velasco, la forma en que la mujer se integr\u00f3 en la econom\u00eda formal a lo largo del siglo XX, a tal punto que gran parte de las integrantes de las trilladoras eran mujeres, con labores variadas que iban desde las \u00e1reas administrativas hasta \u00e1reas de trabajo obrero y en las zonas rurales como recolectoras.<\/p>\n<p>Tiberio Murcia en una de sus investigaciones concluye que en el centro de la ciudad se encontraron los vestigios de lo que un d\u00eda fueron trilladoras como <strong>Bodega Sur, Gual\u00ed, Andes, Reina, en la v\u00eda hacia Mariquita, Santa Helena y Molino Tequendama, y al norte por la carrera 12 entre los barrios El Obrero y Santa B\u00e1rbara, la Bogot\u00e1<\/strong>. Adem\u00e1s, otras que definitivamente ya desaparecieron como <strong>Merino Hermanos<\/strong>, Honda, y las cuales solo se encuentran en la memoria de aquellos hondanos que vivieron la \u00e9poca dorada.[\/vc_column_text][\/vc_column][\/vc_row][vc_row][vc_column width=&#8221;1\/2&#8243;][vc_empty_space][vc_column_text]Concatenando con el p\u00e1rrafo anterior, el semillero realiz\u00f3 un recorrido donde se observ\u00f3 una infraestructura con paredes en calicanto, de dos plantas, techos en forma de cubierta a dos aguas y teja de zinc, donde funcion\u00f3 la <strong>trilladora Gual\u00ed<\/strong> y por gestiones del director de la Casa Museo se dio la oportunidad de entrar en dicha infraestructura y recrear un poco m\u00e1s su historia.[\/vc_column_text][\/vc_column][vc_column width=&#8221;1\/2&#8243;][vc_single_image image=&#8221;1677&#8243; img_size=&#8221;medium&#8221; alignment=&#8221;center&#8221;][\/vc_column][\/vc_row][vc_row][vc_column][vc_column_text]De otra parte, el historiador Tiberio Murcia aporta primero desde sus conocimientos y manejo de material investigativo y segundo desde el exterior de las paredes del museo, especialmente con la recuperaci\u00f3n que hace de una de las trilladoras emblem\u00e1ticas y uno de los caf\u00e9s m\u00e1s importantes del momento (primera mitad del siglo XX) el denominado<strong> Caf\u00e9 Maravilla.<\/strong><\/p>\n<p>El aporte de la recolecci\u00f3n de entrevistas a diferentes personas, especialmente las realizadas por la polit\u00f3loga Natalia Cardona conociendo las labores de las ex trabajadoras de las trilladoras La Reina, Los Andes y Santa Helena; despu\u00e9s Laura Gonz\u00e1lez, Cindy Camacho y el director Jorge Rodr\u00edguez a los se\u00f1ores Alberto G\u00f3mez Londo\u00f1o y Mauricio G\u00f3mez (sobrino del se\u00f1or Alberto). Lo anterior con el apoyo de una metodolog\u00eda que desde las ciencias sociales y el sector acad\u00e9mico se ha denominado <strong>Historia oral,<\/strong> tan necesaria para la conexi\u00f3n con la historia de nuestro presente, en ese sentido se quiere hacer un vaso comunicante con la historia actual y con las gentes que toda viven para contar lo acontecido y para crear tejido social de apropiaci\u00f3n y consolidaci\u00f3n de la identidad hondana.<\/p>\n<p>Este tema del patrimonio industrial hondano, en especial de la industria de la trilla de caf\u00e9, no se pudo haber desarrollado y creado unos productos, sin el trabajo arduo de los miembros del semillero. Para este grupo acad\u00e9mico es muy importante seguir desarrollando esta tem\u00e1tica, para as\u00ed fortalecer nuestro sentido de pertenencia del municipio.[\/vc_column_text][\/vc_column][\/vc_row][vc_row][vc_column][vc_raw_html]JTNDaWZyYW1lJTIwd2lkdGglM0QlMjI4NjAlMjIlMjBoZWlnaHQlM0QlMjI1MTUlMjIlMjBzcmMlM0QlMjJodHRwcyUzQSUyRiUyRnd3dy55b3V0dWJlLmNvbSUyRmVtYmVkJTJGaGY1OG5ZcGoxbDglMjIlMjB0aXRsZSUzRCUyMllvdVR1YmUlMjB2aWRlbyUyMHBsYXllciUyMiUyMGZyYW1lYm9yZGVyJTNEJTIyMCUyMiUyMGFsbG93JTNEJTIyYWNjZWxlcm9tZXRlciUzQiUyMGF1dG9wbGF5JTNCJTIwY2xpcGJvYXJkLXdyaXRlJTNCJTIwZW5jcnlwdGVkLW1lZGlhJTNCJTIwZ3lyb3Njb3BlJTNCJTIwcGljdHVyZS1pbi1waWN0dXJlJTNCJTIwd2ViLXNoYXJlJTIyJTIwYWxsb3dmdWxsc2NyZWVuJTNFJTNDJTJGaWZyYW1lJTNF[\/vc_raw_html][\/vc_column][\/vc_row]<\/p>\n<\/div>","protected":false},"excerpt":{"rendered":"<p>[vc_row][vc_column][vc_empty_space][vc_empty_space][\/vc_column][\/vc_row][vc_row][vc_column][\/vc_column][\/vc_row][vc_row css=&#8221;.vc_custom_1632869957507{background-color: #f4f4f4 !important;}&#8221;][vc_column][vc_column_text]La historia m\u00e1s reciente del municipio nos muestra como el patrimonio industrial y en especial las trilladoras de caf\u00e9 fueron un eje importante en el desarrollo del municipio, esto lo sustenta el compilado de documentos, v\u00eddeos de entrevistas, una l\u00ednea de tiempo, entre otros trabajos que realizaron los miembros del semillero con [&hellip;]<\/p>\n","protected":false},"author":2,"featured_media":0,"parent":0,"menu_order":0,"comment_status":"closed","ping_status":"closed","template":"","meta":{"om_disable_all_campaigns":false,"_monsterinsights_skip_tracking":false,"_monsterinsights_sitenote_active":false,"_monsterinsights_sitenote_note":"","_monsterinsights_sitenote_category":0,"site-sidebar-layout":"no-sidebar","site-content-layout":"plain-container","ast-site-content-layout":"normal-width-container","site-content-style":"unboxed","site-sidebar-style":"unboxed","ast-global-header-display":"","ast-banner-title-visibility":"","ast-main-header-display":"","ast-hfb-above-header-display":"","ast-hfb-below-header-display":"","ast-hfb-mobile-header-display":"","site-post-title":"disabled","ast-breadcrumbs-content":"","ast-featured-img":"disabled","footer-sml-layout":"","theme-transparent-header-meta":"default","adv-header-id-meta":"","stick-header-meta":"","header-above-stick-meta":"","header-main-stick-meta":"","header-below-stick-meta":"","astra-migrate-meta-layouts":"set","ast-page-background-enabled":"default","ast-page-background-meta":{"desktop":{"background-color":"","background-image":"","background-repeat":"repeat","background-position":"center center","background-size":"auto","background-attachment":"scroll","background-type":"","background-media":"","overlay-type":"","overlay-color":"","overlay-opacity":"","overlay-gradient":""},"tablet":{"background-color":"","background-image":"","background-repeat":"repeat","background-position":"center center","background-size":"auto","background-attachment":"scroll","background-type":"","background-media":"","overlay-type":"","overlay-color":"","overlay-opacity":"","overlay-gradient":""},"mobile":{"background-color":"","background-image":"","background-repeat":"repeat","background-position":"center center","background-size":"auto","background-attachment":"scroll","background-type":"","background-media":"","overlay-type":"","overlay-color":"","overlay-opacity":"","overlay-gradient":""}},"ast-content-background-meta":{"desktop":{"background-color":"var(--ast-global-color-5)","background-image":"","background-repeat":"repeat","background-position":"center center","background-size":"auto","background-attachment":"scroll","background-type":"","background-media":"","overlay-type":"","overlay-color":"","overlay-opacity":"","overlay-gradient":""},"tablet":{"background-color":"var(--ast-global-color-5)","background-image":"","background-repeat":"repeat","background-position":"center center","background-size":"auto","background-attachment":"scroll","background-type":"","background-media":"","overlay-type":"","overlay-color":"","overlay-opacity":"","overlay-gradient":""},"mobile":{"background-color":"var(--ast-global-color-5)","background-image":"","background-repeat":"repeat","background-position":"center center","background-size":"auto","background-attachment":"scroll","background-type":"","background-media":"","overlay-type":"","overlay-color":"","overlay-opacity":"","overlay-gradient":""}},"footnotes":""},"class_list":["post-1241","page","type-page","status-publish","hentry"],"yoast_head":"<!-- This site is optimized with the Yoast SEO plugin v24.0 - https:\/\/yoast.com\/wordpress\/plugins\/seo\/ -->\n<title>Industriosos | Resultados del Semillero Industriosos<\/title>\n<meta name=\"description\" content=\"La historia m\u00e1s reciente muestra c\u00f3mo el patrimonio industrial y las trilladoras de caf\u00e9 fueron importantes en el desarrollo del municipio.\" \/>\n<meta name=\"robots\" content=\"index, follow, max-snippet:-1, max-image-preview:large, max-video-preview:-1\" \/>\n<link rel=\"canonical\" href=\"https:\/\/industriosos.com\/index.php\/resultados-del-semillero\/\" \/>\n<meta property=\"og:locale\" content=\"es_ES\" \/>\n<meta property=\"og:type\" content=\"article\" \/>\n<meta property=\"og:title\" content=\"Industriosos | Resultados del Semillero Industriosos\" \/>\n<meta property=\"og:description\" content=\"La historia m\u00e1s reciente muestra c\u00f3mo el patrimonio industrial y las trilladoras de caf\u00e9 fueron importantes en el desarrollo del municipio.\" \/>\n<meta property=\"og:url\" content=\"https:\/\/industriosos.com\/index.php\/resultados-del-semillero\/\" \/>\n<meta property=\"article:publisher\" content=\"https:\/\/www.facebook.com\/p\/Industriosos-61555850965002\/?fref=mentions&amp;paipv=0&amp;eav=Afb8Tq6p8b1qCWCh9_m_3XsSD066aquOeICFtDWtKTTAQ7I-iL16FaoSF_xysG-J76c&amp;_rdr\" \/>\n<meta property=\"article:modified_time\" content=\"2024-12-18T11:25:58+00:00\" \/>\n<meta name=\"twitter:card\" content=\"summary_large_image\" \/>\n<meta name=\"twitter:label1\" content=\"Tiempo de lectura\" \/>\n\t<meta name=\"twitter:data1\" content=\"5 minutos\" \/>\n<script type=\"application\/ld+json\" class=\"yoast-schema-graph\">{\"@context\":\"https:\/\/schema.org\",\"@graph\":[{\"@type\":\"WebPage\",\"@id\":\"https:\/\/industriosos.com\/index.php\/resultados-del-semillero\/\",\"url\":\"https:\/\/industriosos.com\/index.php\/resultados-del-semillero\/\",\"name\":\"Industriosos | Resultados del Semillero Industriosos\",\"isPartOf\":{\"@id\":\"https:\/\/industriosos.com\/#website\"},\"datePublished\":\"2021-09-16T21:26:37+00:00\",\"dateModified\":\"2024-12-18T11:25:58+00:00\",\"description\":\"La historia m\u00e1s reciente muestra c\u00f3mo el patrimonio industrial y las trilladoras de caf\u00e9 fueron importantes en el desarrollo del municipio.\",\"breadcrumb\":{\"@id\":\"https:\/\/industriosos.com\/index.php\/resultados-del-semillero\/#breadcrumb\"},\"inLanguage\":\"es-CO\",\"potentialAction\":[{\"@type\":\"ReadAction\",\"target\":[\"https:\/\/industriosos.com\/index.php\/resultados-del-semillero\/\"]}]},{\"@type\":\"BreadcrumbList\",\"@id\":\"https:\/\/industriosos.com\/index.php\/resultados-del-semillero\/#breadcrumb\",\"itemListElement\":[{\"@type\":\"ListItem\",\"position\":1,\"name\":\"Inicio\",\"item\":\"https:\/\/industriosos.com\/\"},{\"@type\":\"ListItem\",\"position\":2,\"name\":\"Resultados del Semillero\"}]},{\"@type\":\"WebSite\",\"@id\":\"https:\/\/industriosos.com\/#website\",\"url\":\"https:\/\/industriosos.com\/\",\"name\":\"Industriosos\",\"description\":\"\",\"publisher\":{\"@id\":\"https:\/\/industriosos.com\/#organization\"},\"potentialAction\":[{\"@type\":\"SearchAction\",\"target\":{\"@type\":\"EntryPoint\",\"urlTemplate\":\"https:\/\/industriosos.com\/?s={search_term_string}\"},\"query-input\":{\"@type\":\"PropertyValueSpecification\",\"valueRequired\":true,\"valueName\":\"search_term_string\"}}],\"inLanguage\":\"es-CO\"},{\"@type\":\"Organization\",\"@id\":\"https:\/\/industriosos.com\/#organization\",\"name\":\"Industriosos\",\"url\":\"https:\/\/industriosos.com\/\",\"logo\":{\"@type\":\"ImageObject\",\"inLanguage\":\"es-CO\",\"@id\":\"https:\/\/industriosos.com\/#\/schema\/logo\/image\/\",\"url\":\"https:\/\/industriosos.com\/wp-content\/uploads\/2024\/10\/cropped-logo-industriosos-Color-300.png\",\"contentUrl\":\"https:\/\/industriosos.com\/wp-content\/uploads\/2024\/10\/cropped-logo-industriosos-Color-300.png\",\"width\":300,\"height\":100,\"caption\":\"Industriosos\"},\"image\":{\"@id\":\"https:\/\/industriosos.com\/#\/schema\/logo\/image\/\"},\"sameAs\":[\"https:\/\/www.facebook.com\/p\/Industriosos-61555850965002\/?fref=mentions&paipv=0&eav=Afb8Tq6p8b1qCWCh9_m_3XsSD066aquOeICFtDWtKTTAQ7I-iL16FaoSF_xysG-J76c&_rdr\",\"https:\/\/www.instagram.com\/industriosos\"]}]}<\/script>\n<!-- \/ Yoast SEO plugin. -->","yoast_head_json":{"title":"Industriosos | Resultados del Semillero Industriosos","description":"La historia m\u00e1s reciente muestra c\u00f3mo el patrimonio industrial y las trilladoras de caf\u00e9 fueron importantes en el desarrollo del municipio.","robots":{"index":"index","follow":"follow","max-snippet":"max-snippet:-1","max-image-preview":"max-image-preview:large","max-video-preview":"max-video-preview:-1"},"canonical":"https:\/\/industriosos.com\/index.php\/resultados-del-semillero\/","og_locale":"es_ES","og_type":"article","og_title":"Industriosos | Resultados del Semillero Industriosos","og_description":"La historia m\u00e1s reciente muestra c\u00f3mo el patrimonio industrial y las trilladoras de caf\u00e9 fueron importantes en el desarrollo del municipio.","og_url":"https:\/\/industriosos.com\/index.php\/resultados-del-semillero\/","article_publisher":"https:\/\/www.facebook.com\/p\/Industriosos-61555850965002\/?fref=mentions&paipv=0&eav=Afb8Tq6p8b1qCWCh9_m_3XsSD066aquOeICFtDWtKTTAQ7I-iL16FaoSF_xysG-J76c&_rdr","article_modified_time":"2024-12-18T11:25:58+00:00","twitter_card":"summary_large_image","twitter_misc":{"Tiempo de lectura":"5 minutos"},"schema":{"@context":"https:\/\/schema.org","@graph":[{"@type":"WebPage","@id":"https:\/\/industriosos.com\/index.php\/resultados-del-semillero\/","url":"https:\/\/industriosos.com\/index.php\/resultados-del-semillero\/","name":"Industriosos | Resultados del Semillero Industriosos","isPartOf":{"@id":"https:\/\/industriosos.com\/#website"},"datePublished":"2021-09-16T21:26:37+00:00","dateModified":"2024-12-18T11:25:58+00:00","description":"La historia m\u00e1s reciente muestra c\u00f3mo el patrimonio industrial y las trilladoras de caf\u00e9 fueron importantes en el desarrollo del municipio.","breadcrumb":{"@id":"https:\/\/industriosos.com\/index.php\/resultados-del-semillero\/#breadcrumb"},"inLanguage":"es-CO","potentialAction":[{"@type":"ReadAction","target":["https:\/\/industriosos.com\/index.php\/resultados-del-semillero\/"]}]},{"@type":"BreadcrumbList","@id":"https:\/\/industriosos.com\/index.php\/resultados-del-semillero\/#breadcrumb","itemListElement":[{"@type":"ListItem","position":1,"name":"Inicio","item":"https:\/\/industriosos.com\/"},{"@type":"ListItem","position":2,"name":"Resultados del Semillero"}]},{"@type":"WebSite","@id":"https:\/\/industriosos.com\/#website","url":"https:\/\/industriosos.com\/","name":"Industriosos","description":"","publisher":{"@id":"https:\/\/industriosos.com\/#organization"},"potentialAction":[{"@type":"SearchAction","target":{"@type":"EntryPoint","urlTemplate":"https:\/\/industriosos.com\/?s={search_term_string}"},"query-input":{"@type":"PropertyValueSpecification","valueRequired":true,"valueName":"search_term_string"}}],"inLanguage":"es-CO"},{"@type":"Organization","@id":"https:\/\/industriosos.com\/#organization","name":"Industriosos","url":"https:\/\/industriosos.com\/","logo":{"@type":"ImageObject","inLanguage":"es-CO","@id":"https:\/\/industriosos.com\/#\/schema\/logo\/image\/","url":"https:\/\/industriosos.com\/wp-content\/uploads\/2024\/10\/cropped-logo-industriosos-Color-300.png","contentUrl":"https:\/\/industriosos.com\/wp-content\/uploads\/2024\/10\/cropped-logo-industriosos-Color-300.png","width":300,"height":100,"caption":"Industriosos"},"image":{"@id":"https:\/\/industriosos.com\/#\/schema\/logo\/image\/"},"sameAs":["https:\/\/www.facebook.com\/p\/Industriosos-61555850965002\/?fref=mentions&paipv=0&eav=Afb8Tq6p8b1qCWCh9_m_3XsSD066aquOeICFtDWtKTTAQ7I-iL16FaoSF_xysG-J76c&_rdr","https:\/\/www.instagram.com\/industriosos"]}]}},"_links":{"self":[{"href":"https:\/\/industriosos.com\/index.php\/wp-json\/wp\/v2\/pages\/1241","targetHints":{"allow":["GET"]}}],"collection":[{"href":"https:\/\/industriosos.com\/index.php\/wp-json\/wp\/v2\/pages"}],"about":[{"href":"https:\/\/industriosos.com\/index.php\/wp-json\/wp\/v2\/types\/page"}],"author":[{"embeddable":true,"href":"https:\/\/industriosos.com\/index.php\/wp-json\/wp\/v2\/users\/2"}],"replies":[{"embeddable":true,"href":"https:\/\/industriosos.com\/index.php\/wp-json\/wp\/v2\/comments?post=1241"}],"version-history":[{"count":18,"href":"https:\/\/industriosos.com\/index.php\/wp-json\/wp\/v2\/pages\/1241\/revisions"}],"predecessor-version":[{"id":1718,"href":"https:\/\/industriosos.com\/index.php\/wp-json\/wp\/v2\/pages\/1241\/revisions\/1718"}],"wp:attachment":[{"href":"https:\/\/industriosos.com\/index.php\/wp-json\/wp\/v2\/media?parent=1241"}],"curies":[{"name":"wp","href":"https:\/\/api.w.org\/{rel}","templated":true}]}}